e x(2). Let d be f(v). Suppose -3*z + h + 25 = -d, 5*h - 19 = -z. What is the units digit of z?
4
Let g(k) = 14*k - 14. Let x be (-82)/(-8) + (-6)/(-8). What is the units digit of g(x)?
0
Let c = 18 + -14. Let x be c + 184/(-2 + -2). Let m = x - -69. What is the tens digit of m?
2
Let d(h) = -280*h**3 - h**2 + 2*h + 2. What is the hundreds digit of d(-1)?
2
Let n(y) = -y**3 - 30*y**2 + 44*y - 58. What is the hundreds digit of n(-33)?
7
Let l(v) be the first derivative of -v**2 - 10*v - 6. Let n be l(-14). Let s = n - 11. What is the units digit of s?
7
Suppose 0*o = -2*o + 10, -y + 4*o - 15 = 0. Suppose -y*z = -15*z + 330. What is the units digit of z?
3
Let n = -1661 - -4101. What is the units digit of n?
0
Let z(a) = 2*a**3 - 7*a**2 - 3*a - 133. What is the units digit of z(13)?
9
Let d = 171 - 49. Let x be (2 - (-6)/(-4))*d. Let l = x - 36. What is the tens digit of l?
2
Suppose 5*y - 16 = y. Suppose a - 3*r - 34 = r, -y*r = -4. What is the tens digit of a?
3
Suppose -35 = -5*n + 5*v, 4*n - v - 31 = 4*v. Let q = n - 3. What is the units digit of q?
1
Suppose 10*c - 24*c = -6398. What is the units digit of c?
7
Let g(d) be the first derivative of 123*d**4/2 + 3*d**2/2 - 2*d - 18. What is the tens digit of g(1)?
4
Let h(w) = 2*w - 5. Let f be h(-4). Let a = f - 5. What is the tens digit of 1337/63 - (-4)/a?
2
Suppose 4*w - 2 = 2. Suppose 0 = 4*y - 7 - 1. What is the units digit of (y - -2*7)*w?
6
Let b(p) = 2*p - 12. Let q be b(7). Suppose -q*w - 1150 = -7*w. What is the units digit of w?
0
Suppose 2*a - 152 = 5*c, 4*a = -2*c - 0*a - 80. Suppose 2*z + t = -28, 73 = -5*z - t - 0*t. Let s = z - c. What is the tens digit of s?
1
Suppose -4 + 20 = 2*q + 5*h, 4*h - 20 = -4*q. Suppose 65 = 5*n - 4*n - w, -q*n = w - 199. What is the tens digit of n?
6
Let w(a) = -50*a - 44*a + 95*a. Let t be w(-8). Let x(c) = c**3 + 9*c**2 + 3*c + 10. What is the tens digit of x(t)?
5
Suppose -3*v = -4*v - 106. Let a = 50 + v. Let g = a + 81. What is the units digit of g?
5
Suppose -24 = -3*q - 3*j, -q + 5*j = 2*j + 12. What is the units digit of (-591 - -1)*(6/(-4))/q?
5
Let l(r) = 3*r - 11. Let u(g) = -g + 4. Let t(n) = -3*l(n) - 8*u(n). Let d be t(-4). Suppose 7 = 4*x - d. What is the units digit of x?
3
Let s be (-80)/(-4)*4/10. Let d(p) = p**3 - 5*p**2 + 2*p - 5. Let m be d(5). Let v = s - m. What is the units digit of v?
3
Suppose -5*p - 9 = -4. Let m = p - -6. Suppose -m*v + 26 = -64. What is the units digit of v?
8
Let i(y) = -8*y - 10. Let a(r) = r. Let h(z) = 5*a(z) + i(z). What is the tens digit of h(-7)?
1
Suppose -17 + 8 = -3*s. Suppose h + s*h = -4*q + 364, h = 5. What is the units digit of q?
6
Suppose 0 = -2*w + 9*w. Suppose w = -48*j + 43*j + 1135. What is the hundreds digit of j?
2
Let w(f) = 3*f**2 + 4*f - 9. Let b(j) = -3*j - 2. Let x be b(-2). What is the units digit of w(x)?
5
Let i(q) = 4*q - 4 + 4*q + 2*q. What is the tens digit of i(3)?
2
What is the hundreds digit of (-88 - -90)/((-1*1)/(-85))?
1
Suppose 4*q - 348 = 72. What is the hundreds digit of -1 + -2 - q/10*-10?
1
Let a be -6 - -2 - (1 - 2). Let o = a + 15. Let k = 25 - o. What is the tens digit of k?
1
Let a be ((-93)/2)/((-3)/(-6)). Let h = a - -268. What is the hundreds digit of h?
1
Let x(i) = -i**3 - 7*i**2 - 4*i - 2. Suppose -28*f + 32*f = 0. Let r be 1/(f + (-4)/28). What is the units digit of x(r)?
6
Let b = -1 - 1. Let x(g) = 4*g**3 - 3*g**2 + 5*g - 4. Let k(q) = -q + 1. Let u(h) = -6*k(h) - x(h). What is the units digit of u(b)?
0
Let m = 286 + -287. Let p be 1/(3/4 - 1). What is the units digit of 2 - 1 - (p + m)?
6
Let g(u) = -u**3 + 5*u**2 - 5*u + 5. Let p be g(4). What is the tens digit of (4/(-3))/((-2)/36*p)?
2
Let i(g) = -7*g - 43. Let c be i(-7). Suppose -210 = -8*y + c*y. What is the units digit of y?
5
Let z(q) = -q**3 - 6*q**2 + 33*q - 3. What is the tens digit of z(-10)?
6
Suppose 4*o = 18*f + 19926, 5*o + f + 14294 - 39084 = 0. What is the hundreds digit of o?
9
Let f(m) = 9*m**2 - 13*m - 43. What is the units digit of f(-9)?
3
Let i be 8/6*(191 + 1)/2. Let g be 3 - 2*(-2)/4. Suppose g*m - m - 86 = -z, 4*m = 2*z + i. What is the tens digit of m?
3
Let c = 39 + -81. What is the hundreds digit of (-5915)/c - 3/(-18)?
1
Suppose 2*r + 5*d + 463 = 2369, -3*r - 5*d + 2849 = 0. What is the hundreds digit of r?
9
Suppose -5*n - 104 = -3*x, -3*x = -x + n - 52. Suppose -244 - x = -4*w. What is the tens digit of w?
6
Let n = -84 + 91. What is the hundreds digit of (2/(-2))/((-7440)/(-1064) - n)?
1
What is the tens digit of (8/(-10)*-1)/((-52)/(-34060))?
2
Suppose 0 = -9*h + 14188 - 4576. What is the tens digit of h?
6
What is the hundreds digit of (-21)/(-84) - 25646/(-8)?
2
Suppose -q - 4*q = 10, l - 2 = -q. Suppose -l*d + 4*m + 5 = -19, 5*d + 4*m = 30. What is the units digit of d - (-1)/2*-2?
5
What is the hundreds digit of (141/2)/(10 + 462/(-48))?
1
Let a(k) = k**2 + 5*k - 4. Suppose -3*g + 5*o = 43, 2*g + 2*o = 5*g + 28. Let m be a(g). Suppose 50 = y + 2*q, m*y - 4*q = q + 55. What is the units digit of y?
0
What is the hundreds digit of (-3234)/(-10) - 63/(-105)?
3
Suppose 2*w - 675 + 17 = 0. What is the tens digit of w?
2
Suppose h - 4*f - 4 = f, 0 = -5*h + 3*f + 20. Let s be -2 - ((-6)/2 - 33). Let d = s - h. What is the tens digit of d?
3
Let x = 3 + 1. Suppose -4*w = x*t - 108, t = 2*w + 2*t - 50. What is the units digit of w?
3
Let l = -78 - -80. Suppose -3*r + l*v + 517 = 0, 488 = 4*r - 3*v - 200. What is the hundreds digit of r?
1
Let o(q) = -q**3 - 8*q**2 + 4. Let w be o(-8). Suppose 26 = w*d + 6, 2*c = -d + 213. Suppose -96 = -3*y - n + 4*n, -c = -4*y - 4*n. What is the tens digit of y?
2
Suppose -50*i + 113722 = -20078. What is the tens digit of i?
7
Let b(j) = 143*j**2 - 8*j + 4. What is the tens digit of b(-2)?
9
Let o be 100/(-36) - 4/18. Let r be (44 - 2)/1 + 1. What is the units digit of 2/3 - r/o?
5
What is the hundreds digit of 233*(3 - (-8 + 7))?
9
Let w(m) = -m**3 - 6*m**2 - 6*m. Let p be w(-5). Let r(c) = -4*c - 2 + p*c + c - 5*c. What is the units digit of r(-5)?
3
What is the thousands digit of 484/(-77)*(-3)/(12/658)?
1
Suppose 2*n + 3*j + 2 = 5*j, 2 = 2*n - j. Suppose -4*p - 433 = -n*b + p, 0 = -3*b + 3*p + 423. What is the units digit of b?
6
Suppose l - 3*i + 16 = -4*i, -12 = l - i. Let j = l - -30. What is the tens digit of j?
1
Let u(r) be the second derivative of r**4/12 - r**3/3 - 8*r**2 + 6*r. What is the units digit of u(-10)?
4
Let l = -10 - -10. Suppose w + 2*w = l. Suppose 3*c - 114 + 30 = w. What is the tens digit of c?
2
Suppose 6 = 10*r - 14. Suppose -3*o = -5*v - 332, 4*o - r*o - 200 = -2*v. What is the hundreds digit of o?
1
Let d(k) = -4 + 3*k**2 + 85*k + 91*k - 173*k. What is the tens digit of d(5)?
8
Let b be 2584/28 - 2 - (-4)/(-14). Suppose 3*x + 31 = f, 0 = -2*f + 5*x - 6*x + b. What is the tens digit of f?
4
Let a(q) = q**3 + 10*q**2 - 14*q - 15. Let j be a(-10). What is the tens digit of ((-46)/10)/((-25)/j)?
2
Let o = -33 + 30. What is the tens digit of ((-160)/6 + 2)*o?
7
What is the hundreds digit of -12*(-1 + (-7965)/36)?
6
Let q(v) = 3*v - 12. Let w be q(2). Let d(j) = 8*j**2 + 10*j - 7. What is the hundreds digit of d(w)?
2
Suppose 2*x = 3*x - 1. What is the tens digit of 18 + 4 + (-2)/x?
2
Suppose -24*p = -135 - 81. What is the units digit of p?
9
Suppose -2*p = 3*v - 8, 5*v + 2*p = -3*p + 15. Suppose 0 = v*k + 6 - 42. What is the tens digit of k?
1
Let o be (-30)/(-14) - 7/49. Suppose o*f = -0 - 4. What is the units digit of ((-3)/6 + 0)*f?
1
Let f be (0 - -1)/((-4)/(-16)). Suppose u + 3*p = -24, -u + 64 = -5*u + f*p. What is the units digit of ((-12)/u)/(4/6)?
1
Suppose 2*j - a + 3 = 0, -15 = 5*j + 2*a - 6*a. Let w be j + -1 + (4 - -1). Suppose 34 = 4*p + i - 30, -w*p = -4*i - 101. What is the tens digit of p?
1
What is the tens digit of 4506/5 - 16/(-20) - 3?
9
Suppose -4*f - 7 + 63 = 0. Let g = 1 - -2. Suppose 8 = 4*k, f = g*w - k - k. What is the units digit of w?
6
Let g = 94 + -69. What is the tens digit of g + 6 - (0 + (-2 - -4))?
2
Let i(j) be the second derivative of -91*j**5/20 - j**3/6 - j**2 + 6*j. What is the tens digit of i(-1)?
9
Let u(a) = a - 7. Let f be u(10). Suppose 6*x + f = 7*x. What is the units digit of x?
3
Suppose 7 = -4*y + 5*h, -2*y + 5*y + 4*h - 18 = 0. Suppose -y*w - 23 + 43 